 170 = 175. Suppose y - 16 = -t, -4*t = -5*y - 64 + 162. What is the remainder when a is divided by y?
15
Suppose 15*h = 21*h - 342. Calculate the remainder when h is divided by 30.
27
Suppose 3*l - 4 = -1. Let o(t) = 2*t**2 + 2*t + 4. Calculate the remainder when o(3) is divided by -8*(10/(-8))/l.
8
Let q be ((-20)/(-16))/(3/12). Suppose -q*x + 3*x + 64 = 0. What is the remainder when x is divided by (11/(-2))/((-1)/2)?
10
Suppose 5*t + 2*v = 130, 68 + 26 = 3*t - 2*v. Calculate the remainder when 51 is divided by t.
23
What is the remainder when 18/(-4)*(3 - 5) is divided by 3?
0
Suppose -5*y + 52 = 2*b - 2*y, -4*b = y - 94. What is the remainder when b is divided by 12?
11
Suppose 90 = 2*f + f. Suppose 5*m = -0*m + f. What is the remainder when 14 is divided by (-2 + 1)*1 + m?
4
Suppose -2*q = -0*q - 4. Suppose o = -q*i + 161, -o - 4*o + 67 = i. What is the remainder when i is divided by 21?
19
Suppose 0 = -2*q - 2, p = 2*q - 6*q + 18. What is the remainder when 87 is divided by p?
21
Let f(r) = 4*r**2 + r + 2. Let z(t) = -4*t - 10. What is the remainder when z(-12) is divided by f(2)?
18
Let b(n) = 9*n**2 - 3*n. Let y be b(2). Calculate the remainder when (-12)/y + 634/10 is divided by 16.
15
Let x = 19 - 17. Let z(m) = 12*m - 2. Calculate the remainder when 40 is divided by z(x).
18
Suppose 7*t = 278 + 93. What is the remainder when t is divided by 27?
26
Calculate the remainder when 86 is divided by (-176)/20*15/(-6).
20
Suppose 57 = 5*m - 33. What is the remainder when m is divided by 7?
4
Suppose -3*i = 2*i - 2*g - 84, -4*i - 3*g = -58. Calculate the remainder when 63 is divided by i.
15
Let r(w) = -w**3 - 4*w**2 - w + 2. Let j be r(-3). Let t = j + 10. Calculate the remainder when 42/4 - 1/2 is divided by t.
4
What is the remainder when 18 is divided by (-5 + 2 - -5)*5?
8
Let u be ((-24)/(-30))/(4/(-10)). Calculate the remainder when 177/9 + u/(-6) is divided by 11.
9
Suppose 13 = -3*f - 2. Let t(h) = h**3 + 6*h**2 + 5*h + 1. What is the remainder when 2 is divided by t(f)?
0
Let q = -5 + 46. What is the remainder when q is divided by 22?
19
Let p = 4 + -8. Suppose 3 = 3*y, 0 = -3*f - 4*y + 2*y + 179. Calculate the remainder when f is divided by (-80)/(-24)*(2 - p).
19
Let l = -2 + 21. Calculate the remainder when 34 is divided by l.
15
Let r(m) = -m**3 - 2*m**2 + 5*m + 3. Let f be r(-4). Suppose f = 5*w - 5. Calculate the remainder when ((-15)/4)/(w/(-16)) is divided by 8.
7
Let h(k) = -2*k**2 + 19*k - 12. Calculate the remainder when 57 is divided by h(5).
24
Calculate the remainder when 3 is divided by (-3 - -2)*2 + 4.
1
Let h be 2/((-1)/(-2) - 0). Let c(k) be the third derivative of 5*k**4/12 - 3*k**2. Calculate the remainder when c(h) is divided by 14.
12
Suppose 2*t + 34 = -4*d, 0*d = 5*d - t + 25. Calculate the remainder when 64 is divided by (d/(-4))/(27/396).
20
Calculate the remainder when 43 is divided by 1 + (22/(-6))/(3/(-9)).
7
Suppose 3*n - 2 = 5*n. What is the remainder when 26 is divided by 2*(-7 + 0)*n?
12
Calculate the remainder when 26 is divided by (-4)/(-14) + 340/35.
6
Let w = -5 - 0. Calculate the remainder when 2/(w/((-30)/4)) is divided by 2.
1
Suppose -66 = -5*j - 4*p, -46 = -j - 4*j + p. Suppose 0 = 2*m + 2*m + 4*w - 132, -4*m - w = -147. What is the remainder when m is divided by j?
8
Calculate the remainder when 55 is divided by ((-14)/(-5))/(1/5).
13
Let r = -19 + 13. Let i = 7 - r. What is the remainder when i is divided by 5?
3
Let d(k) = -k + 4. Let r(y) = 2*y - 6. Let o(x) = 7*d(x) + 5*r(x). Let a = 22 - 15. Calculate the remainder when o(5) is divided by a.
6
Suppose 3*z - z = 30. Let y = -147 - -156. Calculate the remainder when z is divided by y.
6
Let f(j) = 111*j**2 - 6*j + 13. Calculate the remainder when f(2) is divided by 56.
53
Suppose j - 7 = -11. Let v = 62 - j. What is the remainder when v is divided by 17?
15
Let i(z) = -5*z + 0 - 8*z**2 + 2 + 9*z**2. What is the remainder when i(7) is divided by 6?
4
Suppose 0 = 4*p - 312 - 116. What is the remainder when p is divided by 22?
19
Suppose 0*a - 1315 = 5*a. Let b = -149 - a. What is the remainder when 47 is divided by 6/(-21) - b/(-7)?
15
Suppose 0 = 5*b + 3*v - 328, -4*b + 0*v = -3*v - 257. Calculate the remainder when b is divided by 22.
21
Let x be 7/(((-6)/4)/(-3)). What is the remainder when 26 is divided by 3*x*(-3)/(-9)?
12
Suppose -5*b = -a - 10*b + 98, 2*b = -3*a + 333. Calculate the remainder when a is divided by 24.
17
Suppose -g = -w - 5*g + 11, 0 = 2*w - 5*g - 9. Let i = 10 - w. Calculate the remainder when 10 is divided by i.
1
Let l = 0 + 5. Suppose 12 = 2*n + n. Suppose 2*q = -n*d + 6, -4*q + 3*d + 7 = -5. Calculate the remainder when l is divided by q.
2
Let b(j) = -j**2 + 13*j. Suppose 2*s - c - 20 = 0, 0 = -s - 4*c - 14 + 42. What is the remainder when 46 is divided by b(s)?
10
Suppose j - 2*d + 2 = 0, -4*j - d - 2*d = -14. Let r(p) = -p**3 + 2*p**2 - 1. What is the remainder when r(-1) is divided by j?
0
Let i(a) = -2*a**2 + 17*a - 7. Calculate the remainder when i(7) is divided by 6.
2
Suppose 4*t + 3*o - 114 = 0, -2*o + 16 + 15 = t. What is the remainder when 159 is divided by t?
24
Let h(k) = k**3 - 9*k**2 - 9*k - 5. Let w = 14 - 4. What is the remainder when 17 is divided by h(w)?
2
Let q(v) = v**2 + v + 51. Let z be q(0). Suppose -2*d + 3 = -z. What is the remainder when d is divided by 15?
12
Calculate the remainder when (-6)/(-3) - (-2)/((-2)/(-15)) is divided by 6.
5
Let z be 2/(-4)*(-3 - 35). Suppose -4*q = -133 - z. Calculate the remainder when q is divided by 13.
12
Let c = 31 + -23. What is the remainder when (-135)/(-6) + (-2)/4 is divided by c?
6
Let h be (-5)/(1 + (-2)/1). Let a be 2/((-2)/h)*-1. Suppose y + 112 = a*y. What is the remainder when y is divided by 10?
8
Let y = -5 + 18. Let k be 1/3 - (-3)/(-9). Let c = y - k. What is the remainder when c is divided by 5?
3
Let v = -11 + 27. Suppose r + 0*i - v = i, 0 = -r - 2*i + 25. Suppose 2 = -2*s + m + r, 2*m = -3*s + 29. What is the remainder when 17 is divided by s?
8
Let v(y) = -y**3 + 4*y**2 + 2*y + 4. Suppose 4*a = 2*a + 90. What is the remainder when a is divided by v(4)?
9
Let c = -4 - -17. Suppose 16 = d - c. Suppose 5*v - 27 = 48. Calculate the remainder when d is divided by v.
14
What is the remainder when (-18)/27*(-9)/2 is divided by 3?
0
Let z be 90 + (-1)/(3/6). Suppose 77 = 3*r - z. What is the remainder when r is divided by 19?
17
Suppose 2*q - 46 = -0*q. What is the remainder when q is divided by 8?
7
Let v = 13 - -2. Suppose -b + 16 = -13. What is the remainder when b is divided by v?
14
Let g(x) = x**2 + 2*x - 3. Let f be g(7). Let a = f + -18. What is the remainder when 27 is divided by (a/(-8))/(15/(-40))?
13
Let y = -16 - -17. Calculate the remainder when 51 is divided by (-1 - -15 - y) + 0.
12
Calculate the remainder when 88 is divided by (156/60)/((-2)/(-10)).
10
Let f = 23 + -7. Let s = f + -11. What is the remainder when 22 is divided by s?
2
Suppose 0*u + 2*u + 12 = 0. Let w = u + 10. What is the remainder when 15 is divided by w/(-6) - (-26)/3?
7
Let u = 6 + -3. Let l(v) = 6*v - v**3 + 2 + u*v**2 - 4*v + 2*v. Calculate the remainder when 2 is divided by l(4).
0
What is the remainder when (168/96)/((-2)/(-184)) is divided by 27?
26
Calculate the remainder when 23 is divided by (-333)/(-36) - 2/8.
5
Let n(l) = -15*l + 8. What is the remainder when n(-6) is divided by 33?
32
Let c(w) = 4*w**2 - w. Let o(b) = b**3 - 6*b**2 + 2*b + 5. Let g be o(5). Let h be (4/g)/(2/10). Calculate the remainder when c(h) is divided by 10.
8
Let y(q) = 2 + 12*q - q - 1. Calculate the remainder when 45 is divided by y(1).
9
Suppose -5*d + 102 = -2*d. Calculate the remainder when d is divided by (162/12)/(6/8).
16
Let z(l) = 2*l**2 - l + 8. Calculate the remainder when z(7) is divided by 25.
24
What is the remainder when (-8)/(-14) - (-3500)/49 is divided by 25?
22
Suppose 4*r + 5 = -35. Let y = 16 + r. Calculate the remainder when 15 is divided by y.
3
Let b(o) be the first derivative of 7*o**2/2 - o + 1. Let a be b(1). Suppose -v + 1 = -a*v + 2*u, -3*v = -u. What is the remainder when 1 is divided by v?
0
Suppose -33 = -s - 2*s. Calculate the remainder when s is divided by 3.
2
Let v(i) = 3*i**3 - 3*i**2 + 4*i + 1. Calculate the remainder when 